{"id":559,"date":"2022-09-26T22:30:03","date_gmt":"2022-09-26T20:30:03","guid":{"rendered":"http:\/\/www.pausenature.com\/?page_id=559"},"modified":"2022-09-26T22:47:45","modified_gmt":"2022-09-26T20:47:45","slug":"chi-nei-tsang","status":"publish","type":"page","link":"https:\/\/www.pausenature.com\/?page_id=559","title":{"rendered":"Chi Nei Tsang"},"content":{"rendered":"<p>MASSAGE TAOISTE DU VENTRE<br \/>\nMassage chi des organes internes<\/p>\n<p style=\"text-align: justify;\">Praticienne certifi\u00e9e en Massage Tao\u00efste du Ventre le 14\/05\/2022, form\u00e9e par :<br \/>\n&#8211;\tMirsad Hajder 2018 \u00e0 2022<br \/>\n&#8211;\tAisha Sieburth \u00e0 L&rsquo;\u00e9cole du Tao de la Vitalit\u00e9 &#8211; affili\u00e9e \u00e0 l&rsquo;Universal Healing Tao de Mantak Chia, avril 2021 \u00e0 juin 2022<\/p>\n<p style=\"text-align: justify;\">Les sages Tao\u00efstes ont appris \u00e0 pratiquer l\u2019introspection gr\u00e2ce \u00e0 la m\u00e9ditation. Ils ont d\u00e9couvert que les organes internes sont en rapport avec les 5 \u00e9nergies de l\u2019univers, \u00e9tablissant une connexion entre le microcosme humain et le macrocosme universel.<br \/>\nLes organes renferment l\u2019essence de la force spirituelle de l\u2019\u00eatre humain. Ils fournissent \u00e9galement les lignes \u00e9nerg\u00e9tiques physiques qui pr\u00e9servent l\u2019int\u00e9grit\u00e9 du corps et lui conf\u00e8rent sa structure.<br \/>\nLorsqu\u2019ils sont obstru\u00e9s, les organes internes emmagasinent des \u00e9nergies nuisibles qui peuvent d\u00e9border sur d\u2019autres syst\u00e8mes corporels et se manifester sous forme d\u2019\u00e9motions n\u00e9gatives et de maladies. Etant toujours \u00e0 la recherche d\u2019un exutoire, ces \u00e9motions n\u00e9gatives et ces \u00e9nergies toxiques engendrent un cycle de n\u00e9gativit\u00e9 et de stress perp\u00e9tuel.<br \/>\nSi les \u00e9motions n\u00e9gatives ne peuvent pas trouver de sortie, elles couvent dans les organes ou se d\u00e9placent vers l\u2019abdomen qui joue le r\u00f4le de d\u00e9potoir du corps. L\u2019abdomen est capable de transformer quantit\u00e9 de d\u00e9tritus \u00e9motionnels mais il est souvent d\u00e9bord\u00e9.<br \/>\nLe centre \u00e9nerg\u00e9tique du corps, situ\u00e9 au nombril, se congestionne et se coupe du reste du corps.<\/p>\n<p style=\"text-align: justify;\">Le CHI NEI TSANG est une m\u00e9thode pour \u00e9liminer l\u2019\u00e9nergie bloqu\u00e9e. Cette technique vise \u00e0 lib\u00e9rer les \u00e9nergies n\u00e9gatives concentr\u00e9es dans l\u2019abdomen et \u00e0 harmoniser ses \u00e9motions.<\/p>\n<p style=\"text-align: justify;\">Le CHI, l\u2019\u00e9nergie vitale, se d\u00e9place \u00e0 travers les canaux internes du corps, le syst\u00e8me nerveux, les vaisseaux sanguins et les ganglions lymphatiques. Ces syst\u00e8mes sont concentr\u00e9s dans l\u2019abdomen qui joue le r\u00f4le de centre de contr\u00f4le o\u00f9 s\u2019accumulent les tensions, les inqui\u00e9tudes et les perturbations qui peuvent cr\u00e9er une sensation de blocage aboutissant \u00e0 une obstruction progressive de la circulation de l\u2019\u00e9nergie. Chaque \u00e9motion humaine est l\u2019expression d\u2019une \u00e9nergie ressentie dans les organes.<\/p>\n<p style=\"text-align: justify;\">Le CHI NEI TSANG recycle et transforme les \u00e9nergies n\u00e9gatives qui bloquent les organes internes et provoquent l\u2019apparition des \u00ab n\u0153uds \u00bb dans l\u2019abdomen. Il \u00e9limine les toxines, les \u00e9motions d\u00e9sagr\u00e9ables et la temp\u00e9rature excessive ou trop basse du corps qui induisent au mauvais fonctionnement des organes.<\/p>\n<p style=\"text-align: justify;\">Une s\u00e9ance de CHI NEI SANG apprend \u00e0 s\u2019\u00e9veiller \u00e0 la connaissance du  corps et de son syst\u00e8me \u00e9nerg\u00e9tique pour activer son \u00e9nergie de gu\u00e9rison et continuer le processus en s\u2019entra\u00eenant chez soi. La gu\u00e9rison venant de soi.<\/p>\n<p style=\"text-align: justify;\">La s\u00e9ance cherche \u00e0 aider \u00e0 atteindre la paix int\u00e9rieure et \u00e0 devenir serein.e.s gr\u00e2ce \u00e0 un toucher du c\u0153ur qui est reli\u00e9 \u00e0 l\u2019Energie de l\u2019Univers, \u00e0 l\u2019Energie du Niveau Humain et \u00e0 l\u2019Energie de la Terre.<\/p>\n<p style=\"text-align: justify;\">Ce massage s\u2019adresse \u00e0 tous. Mais des pr\u00e9cautions sont \u00e0 prendre en cas de : Phl\u00e9bite, probl\u00e8mes cardiaques graves, psychose, premiers mois de grossesse, maladie de peau, \u00e9tat de fi\u00e8vre, cancer, op\u00e9ration r\u00e9cente (moins de 3 mois). Dans ces cas, toujours demander conseil \u00e0 son m\u00e9decin.<\/p>\n","protected":false},"excerpt":{"rendered":"<div class=\"entry-summary\">\nMASSAGE TAOISTE DU VENTRE Massage chi des organes internes Praticienne certifi\u00e9e en Massage Tao\u00efste du Ventre le 14\/05\/2022, form\u00e9e par&hellip;\n<\/div>\n<div class=\"link-more\"><a href=\"https:\/\/www.pausenature.com\/?page_id=559\" class=\"more-link\">Continue reading<span class=\"screen-reader-text\"> &ldquo;Chi Nei Tsang&rdquo;<\/span>&hellip;<\/a><\/div>\n","protected":false},"author":1,"featured_media":575,"parent":0,"menu_order":0,"comment_status":"closed","ping_status":"closed","template":"","meta":{"footnotes":""},"class_list":["post-559","page","type-page","status-publish","has-post-thumbnail","hentry","entry"],"_links":{"self":[{"href":"https:\/\/www.pausenature.com\/index.php?rest_route=\/wp\/v2\/pages\/559","targetHints":{"allow":["GET"]}}],"collection":[{"href":"https:\/\/www.pausenature.com\/index.php?rest_route=\/wp\/v2\/pages"}],"about":[{"href":"https:\/\/www.pausenature.com\/index.php?rest_route=\/wp\/v2\/types\/page"}],"author":[{"embeddable":true,"href":"https:\/\/www.pausenature.com\/index.php?rest_route=\/wp\/v2\/users\/1"}],"replies":[{"embeddable":true,"href":"https:\/\/www.pausenature.com\/index.php?rest_route=%2Fwp%2Fv2%2Fcomments&post=559"}],"version-history":[{"count":7,"href":"https:\/\/www.pausenature.com\/index.php?rest_route=\/wp\/v2\/pages\/559\/revisions"}],"predecessor-version":[{"id":573,"href":"https:\/\/www.pausenature.com\/index.php?rest_route=\/wp\/v2\/pages\/559\/revisions\/573"}],"wp:featuredmedia":[{"embeddable":true,"href":"https:\/\/www.pausenature.com\/index.php?rest_route=\/wp\/v2\/media\/575"}],"wp:attachment":[{"href":"https:\/\/www.pausenature.com\/index.php?rest_route=%2Fwp%2Fv2%2Fmedia&parent=559"}],"curies":[{"name":"wp","href":"https:\/\/api.w.org\/{rel}","templated":true}]}}